se -f = -c - 7, 3*n + 4*c + 8 = 0. Calculate k(n).
-10
Let c = -11/15 - -97/30. Let f(l) be the first derivative of -9 - 1/3*l**3 + c*l**2 + 2*l. Give f(5).
2
Let f(t) = t**2 - 11*t + 3. Suppose 0 = y - 4, y = 4*u + 1626 + 202. Let p = u + 465. What is f(p)?
-15
Suppose 5*j + 5*n = 20, 4 = -5*j - n + 20. Suppose -2 + j = l. Let a(z) = 2 - z**2 - 3 + 6*z**2. Determine a(l).
4
Let o(s) be the second derivative of 5*s**3/6 - 35*s**2 - 2*s + 71. Calculate o(15).
5
Let l(u) = 30*u - 19*u + 19 - 15*u. Let s be l(4). Suppose -s*n + 5*n + 6 = 0. Let y(c) = -3*c - 2. Give y(n).
7
Let m(w) = w**3 - 3*w**2 - 3*w + 1. Let i be m(3). Let f(a) be the first derivative of a**2/2 + 3*a - 1020. Give f(i).
-5
Let x(r) = 63*r - 40*r**3 + 41*r**3 + 52 - 7*r**2 + 18*r**2 - 34*r + 35. Determine x(-9).
-12
Let h(c) = 4*c - 7. Let j(i) = 29*i**2 + 493*i + 5. Let z be j(-17). What is h(z)?
13
Suppose 2*p + 0*p + m = 7, -4*p + 2*m = -2. Let w = p - 4. Let z(g) = -170*g + 52*g + 1 - g**2 + 61*g + 59*g. Determine z(w).
-7
Let r = 66 + -58. Let c(l) = -2*l - r*l**2 + 4*l - 4*l**3 + 5*l**3 + 6*l**2. Calculate c(2).
4
Let g(u) be the first derivative of u**5/60 - 3*u**4/8 - u**3 - 179*u**2/2 - 26. Let r(w) be the second derivative of g(w). Give r(8).
-14
Let s(n) be the second derivative of -n**3 + 23*n**2/2 - 9*n - 48. Calculate s(4).
-1
Let k(i) be the third derivative of -i**6/120 + i**5/12 - i**4/24 - i**3/6 + 35*i**2 + 69*i. Let o = -7 - -12. Determine k(o).
-6
Suppose 2*k = 3*t - 35, 474*k - 475*k = 2*t - 7. Let g(r) = -2*r + 7. Let w(x) = -x. Let b = 3 - 6. Let q(c) = b*w(c) + g(c). Calculate q(k).
0
Suppose w = 2*w - 5*k + 11, k - 19 = 3*w. Let h(y) = y**2 - 19*y - 33. Let m be h(21). Let i(j) = -4 + 0*j + 10 - 4*j - 3*j + m*j. What is i(w)?
-6
Let a(o) be the third derivative of o**5/30 + o**4/12 - o**3/6 - 5*o**2. Suppose 5*r = 5*j, -3*r - 9 = -j - 3. Give a(r).
11
Let n(h) be the second derivative of 0 - 9/2*h**2 + 1/3*h**3 + 269*h. Calculate n(9).
9
Let h be 9*7/(-21) + 3*-1. Let o be -4 + (1 - 2)*-7. Let j(k) = -o - 2*k - 6*k - k - k**2. What is j(h)?
15
Let l(k) = -7*k**2 + 28*k + 23. Let h(y) = 11*y**2 - 44*y - 32. Let t(w) = 5*h(w) + 8*l(w). Calculate t(7).
3
Let d(q) = -q - 1. Let z(o) = -6*o + 134. Let p be z(19). Let k be (-5)/(p/(-8)) - (1 - 5). Calculate d(k).
-7
Suppose 2*b + c + 15 = 0, 0 = 3*b - 5*c + 4 + 12. Let y = -2 - b. Let m(i) = 7 - 6*i + 0*i - 6 + y*i. Determine m(2).
-1
Let d(g) = 2*g**2 + 2*g + 4. Let n = -384 + 384. Suppose 26*s - 15*s + 22 = n. Determine d(s).
8
Let y(v) = v**3 + 3*v**2 - 13*v - 44. Let k = -4420 + 4417. What is y(k)?
-5
Suppose 20*d + 378 = 18*d - 2*r, d - r = -187. Let j = 187 + d. Let n(w) = 7*w - 1. What is n(j)?
-8
Let x = 23 + -19. Suppose 2 + x = 6*u. Let t(q) = 0*q - 2*q - 760 + 759. Calculate t(u).
-3
Let h = -52 + 57. Suppose 7*m - 8*m + 6 = 0. Let f(z) = -7 + 5*z - m*z**2 + 0 + 1 + z**3 - 1. Calculate f(h).
-7
Let v(b) = -43*b**3 - 7*b**2 - 19*b + 19. Let d(c) = 150*c**3 + 20*c**2 + 59*c - 58. Let r(w) = -2*d(w) - 7*v(w). Determine r(-6).
1
Suppose -3*d + 215 - 209 = 0. Suppose 2*n - 29 = -5*y + 13, 0 = -3*n + d*y + 25. Let h(q) = q**2 - 12*q + 5. What is h(n)?
-6
Let m(v) = -17*v**2 - 24*v + 31. Let i(a) = -19*a**2 - 27*a + 34. Let h(d) = 8*i(d) - 9*m(d). Give h(8).
57
Suppose 0 = -m + 5*d - 3, 48*m - 20 = 50*m - 3*d. Let q(j) = -2*j**2 - 29*j - 23. Give q(m).
16
Let b = 43 - -29. Let p(h) = 68*h + b*h - 13 - 138*h. What is p(6)?
-1
Let n(g) be the first derivative of 0*g - 1/6*g**3 + 9/2*g**2 + 1/24*g**4 - 10. Let o(q) be the second derivative of n(q). Give o(3).
2
Let p(j) = 2*j - 1. Let l(q) = -q. Let g(c) = 5*l(c) + 2*p(c). Let o be (-4 + (-16)/6)/(8/(-12)). Let v be 1*o/(-65) + (-205)/(-65). Determine g(v).
-5
Let t(y) = -82*y + 157*y + 3*y**2 + 3*y**3 - 77*y + 4 - 1 - 2*y**3. Suppose 2*p + p + 9 = 0. Determine t(p).
9
Let r(f) be the third derivative of -1/24*f**4 - 1/6*f**3 + f**2 + 0 + 0*f. Suppose 10*p + 13594 - 13272 = -151*p. Calculate r(p).
1
Let d(j) = j**2 - 3*j - 1. Let n = 946 + -946. Suppose n = 57*h - 27*h + 60. What is d(h)?
9
Suppose -3*y - 2*v = 204 - 799, 3*v = 3*y - 615. Let o(i) = y - 4*i**2 + i**3 - 428 + 222 - 6*i. Determine o(5).
-10
Let m(z) = z**2 + 2*z - 5. Let f(c) = -c + 2. Let b be f(-3). Suppose -b*o = -0*o - 20. Suppose 0 = -o*a + 8*a + 20. Give m(a).
10
Let o(q) be the third derivative of 1/120*q**6 - 7/60*q**5 + 2 + 1/6*q**3 + 64*q**2 + 0*q + 1/24*q**4. Determine o(7).
8
Let n = -5067/4 - -15203/12. Let a(t) be the second derivative of 1/20*t**5 - t**2 + 0 - n*t**3 + 1/3*t**4 - 15*t. Calculate a(-2).
8
Suppose -9*i + 4*r + 9 = -8*i, -10 = -4*i + 3*r. Let t(w) = -4*w**2 + 2*w - 5. Let x(u) = -u + u**2 + 0 - 1 - 2*u**2. Let q(s) = i*t(s) - 5*x(s). Give q(-6).
-6
Let r(o) = -15*o**2 - 20*o - 201. Let j(q) = -7*q**2 - 10*q - 94. Let d(u) = -13*j(u) + 6*r(u). Calculate d(-6).
-8
Let m(i) = 3*i**3 + 2*i**2 - 2*i - 3. Let y(u) = -u + 39. Let a be y(-12). Let b = a - 37. Suppose 2*z - 9 = -z - 5*f, 2*f = 4*z + b. Calculate m(z).
-15
Let j(o) be the first derivative of o**4/4 - 2*o**3/3 + 11*o + 1864. Determine j(0).
11
Let p(v) = -2*v - 41. Let w be p(4). Let o = 51 + w. Let a(z) = 2*z**3 + 3*z**2 - 2*z - 2. Determine a(o).
22
Let l(m) = -56 - 210*m + 430*m + m**2 - 199*m - 2*m**2. Give l(16).
24
Let o(s) = -107*s + 36. Let k(u) = -39*u + 12. Let l(w) = -11*k(w) + 4*o(w). Give l(9).
21
Suppose -65*z = -60*z + 5*u + 10, 15 = 3*u. Let g(o) = o**3 + 8*o**2 + 6*o - 13. Give g(z).
-6
Let u = -21 + 18. Let q be 4 + -5 + 1 + u. Let p(g) = -18 - 14 + 0*g + 52 - 18 + 2*g - 2*g**2 - g**3. Determine p(q).
5
Let r(c) = -c + 5. Let i(o) = o + 14. Let s be i(-12). Let l be ((-213)/2)/3*s. Let d = -62 - l. What is r(d)?
-4
Let n(o) = o**3 - 5*o**2 + 2*o + 3. Suppose 0 = -22*l - 6707 - 6779. Let k = l + 616. Give n(k).
-9
Let f(i) = i**3 - 6*i**2 + 4*i - 3. Let x(y) = y**3 + 21*y**2 + 21*y + 18. Let m be x(-20). Let j be m*-2*(-2)/16*-10. What is f(j)?
-8
Let l(a) = -5*a**2 - 3704*a + 1 - 2*a**2 - 3713*a - 15*a**2 + 7417*a. Let c(y) = y**3 - y**2 - y - 1. Let r be c(0). Calculate l(r).
-21
Let q be ((-7)/(84/16))/(8/(-12)). Let d(i) = -3*i**3 + 29*i**3 + i - 27*i**3 + q + 5*i**2. Determine d(5).
7
Let z(u) = 62*u - 7. Let r be z(3). Suppose -2*x - 175 = -r. Let i(o) = 9*o - 3. Determine i(x).
15
Let c = 29 + -27. Suppose -c*l - 5 = -15. Let o(r) = l - 5*r + 2*r**2 + 2*r**2 - 1 - 2*r**2. Give o(4).
16
Let n(g) = -g + 74. Let f = -43207 + 43230. What is n(f)?
51
Let w(d) = -2*d + 103 - 198 + 0*d**2 + d**2 + 135 + 20*d. Calculate w(-16).
8
Let k(d) = -3*d**3 - 2*d**2 + 19*d + 8. Let q be k(-3). Let c(i) = -i**2 + 15*i + 18. Calculate c(q).
32
Let g = 11 - 18. Let w be (40/g)/((-12)/42). Suppose 0 = 6*n - 2*n + w. Let h(p) = p**2 + 6*p + 1. Determine h(n).
-4
Let v be ((-28)/(-10))/((990/(-25))/6 - -9). Let x(w) be the third derivative of v*w**3 + 1/24*w**4 + 0 + 0*w - 8*w**2. Calculate x(0).
7
Let x(f) = -1 + 0*f**2 - 2*f**2 - 3*f + 2. Let d(m) = -m**2 + 134*m - 2376. Let c be d(21). Determine x(c).
-8
Let f(x) = -61*x - 2621. Let s be f(-43). Let b(j) be the first derivative of s*j - 1/2*j**2 - 5. What is b(-4)?
6
Let r(t) = -31*t + 15. Let j = 12235 - 12231. Determine r(j).
-109
Let h(o) = 128*o - 4275. Let l be h(33). Let u(c) = 3*c**2 + 149*c - 199. Determine u(l).
5
Let w(t) = t**2 + 14*t + 11. Let q(a) = -a**3 + 10*a**2 + 6*a + 41. Suppose -23 = -3*l - 5*h, 2*l - 26 = 3*h + 2. Let r be q(l). Give w(r).
11
Let r(i) = i. Let j = -24 + -73. Let x = j + 101. Suppose 0 = x*c + 29 - 45. Calculate r(c).
4
Let w be 0/(2 - 0/(-14)). Let y(v) = -v**2 - 49*v - 5. Determine y(w).
-5
Let m(a) = -40*a**2 - 82 - 22*a**2 + 79*a**2 - 16*a**2 - 3*a. Calculate m(11).
6
Suppose 0 = -5*q - 10*d + 7*d, -3*q = 4*d. Let k(i) be the third derivative of -i**4/24 + i**3/6 + 2*i**2. Let p(x) = 10. Let f(n) = -k(n) - p(n). What is f(q)?
-11
Let n(j) = -j**3 + 3*j**2 - 3*j + 8. Suppose -2*i + 3*w + 10 = 5*w, 3*w = i + 3. Determine n(i).
-1
Let d(c) = -3*c + 9168. Let t(i) = 367. Let u(n) = -d(n) + 25*t(n). Let b(h) = -3*h + 4. Let q be b(3). What is u(q)?
-8
Suppose h - 4*l = 6, 14*h + l - 36 = 13*h. Let y(d) = 4*d**2 - 120*d + 19. Calculate y(h).
19
Let q = -923 - -926. Let t(v) = v**2 - 7*v + 6. Determine t(q).
-6
Sup